
Convert -2 (base 4) to base 13.
-2
Convert 1044 (base 5) to base 7.
302
What is 1111 (base 2) in base 9?
16
Convert -9 (base 12) to base 8.
-11
What is 5 (base 10) in base 16?
5
0 (base 8) to base 15
0
Convert -135 (base 8) to base 12.
-79
Convert 0 (base 12) to base 5.
0
Convert 5 (base 6) to base 3.
12
Convert 79 (base 11) to base 16.
56
What is 425 (base 7) in base 2?
11010111
23 (base 4) to base 14
b
Convert -6 (base 16) to base 15.
-6
Convert 350 (base 6) to base 13.
a8
Convert -450 (base 7) to base 13.
-14a
-100 (base 2) to base 5
-4
What is -181 (base 10) in base 13?
-10c
1 (base 11) to base 8
1
What is 26 (base 11) in base 3?
1001
What is 21 (base 3) in base 11?
7
What is 3 (base 12) in base 9?
3
What is 13 (base 11) in base 12?
12
What is -10001 (base 2) in base 7?
-23
What is 74 (base 11) in base 7?
144
Convert -156 (base 7) to base 15.
-60
-94 (base 10) to base 16
-5e
What is 2 (base 14) in base 16?
2
Convert 0 (base 7) to base 5.
0
What is -142 (base 7) in base 14?
-59
Convert 0 (base 7) to base 9.
0
Convert 13 (base 16) to base 3.
201
What is 6a (base 14) in base 2?
1011110
Convert 2 (base 11) to base 10.
2
204 (base 8) to base 12
b0
What is -124 (base 10) in base 12?
-a4
20 (base 4) to base 11
8
What is -34 (base 9) in base 15?
-21
Convert 60 (base 12) to base 9.
80
What is -176 (base 8) in base 15?
-86
-1 (base 14) to base 12
-1
What is -3333 (base 4) in base 5?
-2010
167 (base 14) to base 2
100011111
Convert -31 (base 10) to base 7.
-43
What is 1 (base 16) in base 4?
1
-16 (base 10) to base 13
-13
Convert -1 (base 8) to base 7.
-1
-331 (base 5) to base 8
-133
Convert -4 (base 16) to base 10.
-4
Convert -142 (base 9) to base 16.
-77
What is -58 (base 11) in base 4?
-333
4 (base 15) to base 7
4
12 (base 15) to base 13
14
Convert 1c (base 16) to base 7.
40
What is -2 (base 15) in base 3?
-2
What is -1 (base 9) in base 12?
-1
112 (base 3) to base 4
32
-2 (base 5) to base 7
-2
Convert 6 (base 7) to base 16.
6
-213 (base 8) to base 11
-117
Convert 12 (base 7) to base 13.
9
Convert -6 (base 13) to base 4.
-12
-59 (base 13) to base 6
-202
What is -3 (base 8) in base 4?
-3
What is b (base 16) in base 7?
14
1 (base 9) to base 5
1
What is 4 (base 5) in base 3?
11
Convert 0 (base 5) to base 13.
0
Convert 2122 (base 3) to base 13.
56
What is -11 (base 6) in base 13?
-7
What is -211 (base 8) in base 9?
-162
Convert -4 (base 12) to base 8.
-4
What is 48 (base 12) in base 11?
51
102 (base 3) to base 12
b
What is 78 (base 15) in base 8?
161
Convert 9 (base 13) to base 3.
100
What is 11 (base 10) in base 14?
b
Convert 10 (base 6) to base 16.
6
Convert 71 (base 11) to base 16.
4e
What is -10 (base 10) in base 14?
-a
-c (base 15) to base 13
-c
What is 8 (base 11) in base 13?
8
0 (base 10) to base 8
0
What is 2 (base 10) in base 9?
2
Convert 0 (base 12) to base 14.
0
What is -1 (base 16) in base 6?
-1
50 (base 7) to base 15
25
1 (base 16) to base 3
1
What is 8 (base 14) in base 15?
8
-9 (base 11) to base 12
-9
-28 (base 10) to base 16
-1c
1101000 (base 2) to base 11
95
What is -51 (base 13) in base 3?
-2110
What is 506 (base 9) in base 8?
633
1101 (base 2) to base 8
15
What is -11010 (base 2) in base 9?
-28
Convert b (base 12) to base 7.
14
3 (base 9) to base 6
3
-8 (base 10) to base 4
-20
2 (base 16) to base 5
2
What is -2 (base 7) in base 14?
-2
What is -1 (base 5) in base 8?
-1
Convert -53 (base 6) to base 10.
-33
What is 10100110 (base 2) in base 15?
b1
Convert 10 (base 11) to base 7.
14
Convert 84 (base 10) to base 9.
103
What is -11a (base 13) in base 16?
-c0
What is 1000110 (base 2) in base 10?
70
What is -112 (base 4) in base 14?
-18
Convert 1 (base 4) to base 8.
1
What is -114 (base 12) in base 9?
-187
What is 200 (base 3) in base 5?
33
-35 (base 10) to base 13
-29
-6 (base 11) to base 10
-6
Convert -2 (base 3) to base 14.
-2
What is 22 (base 4) in base 15?
a
Convert -300 (base 4) to base 11.
-44
-4 (base 15) to base 3
-11
Convert 104 (base 7) to base 8.
65
What is -1 (base 3) in base 6?
-1
12111 (base 3) to base 13
b5
What is 0 (base 8) in base 3?
0
What is -8 (base 11) in base 10?
-8
Convert -1c (base 14) to base 2.
-11010
-38 (base 10) to base 2
-100110
What is -4 (base 7) in base 2?
-100
-12101 (base 3) to base 16
-91
-c (base 13) to base 3
-110
What is -1111010 (base 2) in base 3?
-11112
Convert 2 (base 8) to base 3.
2
Convert -5 (base 16) to base 13.
-5
25 (base 6) to base 9
18
Convert -b (base 16) to base 10.
-11
Convert -25 (base 6) to base 8.
-21
Convert 1 (base 14) to base 6.
1
Convert -4 (base 14) to base 10.
-4
1 (base 6) to base 9
1
4 (base 12) to base 4
10
Convert -100 (base 2) to base 8.
-4
41 (base 9) to base 5
122
-4 (base 5) to base 12
-4
300 (base 4) to base 16
30
2 (base 16) to base 13
2
-12 (base 6) to base 11
-8
What is 243 (base 7) in base 10?
129
What is -1001 (base 2) in base 6?
-13
Convert 5 (base 12) to base 9.
5
-224 (base 10) to base 8
-340
-3 (base 11) to base 9
-3
-8 (base 11) to base 7
-11
What is -2 (base 4) in base 7?
-2
What is 27 (base 14) in base 15?
25
-1122 (base 3) to base 9
-48
Convert 58 (base 10) to base 15.
3d
-3 (base 5) to base 6
-3
Convert -10 (base 3) to base 4.
-3
Convert 10220 (base 3) to base 13.
81
Convert -22 (base 3) to base 12.
-8
What is -120 (base 8) in base 13?
-62
101000 (base 2) to base 10
40
What is -4 (base 13) in base 11?
-4
11 (base 2) to base 16
3
What is -14c (base 14) in base 2?
-100001000
Convert -1 (base 16) to base 8.
-1
Convert 5 (base 16) to base 14.
5
What is 14 (base 8) in base 16?
c
Convert 6a (base 11) to base 6.
204
Convert -12 (base 3) to base 10.
-5
What is 84 (base 14) in base 3?
11022
Convert 2a (base 16) to base 14.
30
What is 2210 (base 3) in base 7?
135
What is -1230 (base 4) in base 3?
-11000
What is -1 (base 5) in base 14?
-1
What is 3 (base 10) in base 3?
10
What is -21 (base 9) in base 8?
-23
1234 (base 6) to base 16
136
What is -10011 (base 2) in base 15?
-14
What is 29 (base 11) in base 6?
51
-2 (base 9) to base 15
-2
Convert -46 (base 14) to base 16.
-3e
Convert 100 (base 5) to base 12.
21
What is 4 (base 16) in base 5?
4
-41 (base 12) to base 9
-54
66 (base 7) to base 14
36
Convert b (base 14) to base 6.
15
Convert 14 (base 6) to base 13.
a
Convert 0 (base 3) to base 2.
0
42 (base 5) to base 8
26
1 (base 16) to base 5
1
-143 (base 9) to base 13
-93
Convert -22 (base 5) to base 14.
-c
What is -143 (base 11) in base 5?
-1133
Convert -1214 (base 6) to base 13.
-19c
-61 (base 10) to base 3
-2021
Convert 3 (base 15) to base 13.
3
Convert -10 (base 2) to base 7.
-2
Convert 165 (base 8) to base 15.
7c
Convert 32 (base 5) to base 2.
10001
Convert -17 (base 16) to base 3.
-212
Convert -54 (base 10) to base 6.
-130
43 (base 9) to base 3
1110
20 (base 11) to base 15
17
Convert -162 (base 7) to base 2.
-1011101
Convert 20 (base 3) to base 14.
6
Convert 301 (base 8) to base 4.
3001
What is 36 (base 11) in base 7?
54
Convert -32 (base 15) to base 13.
-38
What is -1 (base 12) in base 13?
-1
Convert -50 (base 8) to base 13.
-31
What is -3 (base 12) in base 10?
-3
What is 2 (base 3) in base 15?
2
Convert 6 (base 12) to base 10.
6
50 (base 7) to base 6
55
What is 12 (base 14) in base 12?
14
Convert 11 (base 2) to base 5.
3
-1010001 (base 2) to base 16
-51
What is -2 (base 9) in base 8?
-2
Convert 15 (base 12) to base 15.
12
7d (base 15) to base 6
314
-8 (base 15) to base 10
-8
What is -d (base 14) in base 10?
-13
Convert -2b (base 12) to base 2.
-100011
What is 18 (base 10) in base 15?
13
What is -16 (base 14) in base 6?
-32
-9 (base 13) to base 5
-14
Convert 144 (base 5) to base 14.
37
What is 10 (base 6) in base 11?
6
-6a (base 14) to base 15
-64
Convert 2200 (base 3) to base 12.
60
What is 45 (base 16) in base 13?
54
What is 31 (base 6) in base 16?
13
What is -312 (base 4) in base 14?
-3c
Convert 4 (base 15) to base 7.
4
What is 11 (base 4) in base 14?
5
What is -2 (base 13) in base 5?
-2
-101 (base 2) to base 15
-5
4 (base 8) to base 10
4
What is -105 (base 6) in base 10?
-41
-2 (base 16) to base 11
-2
1010000 (base 2) to base 8
120
6 (base 14) to base 2
110
Convert -40 (base 10) to base 3.
-1111
What is -15 (base 10) in base 7?
-21
Convert -19 (base 11) to base 15.
-15
What is -10 (base 5) in base 6?
-5
Convert 121 (base 3) to base 13.
13
Convert 1 (base 1